 = -4*m. Let p = -14 - 74. Let f = -62 - p. Calculate the remainder when f is divided by m.
8
Let k = 110 + -88. Calculate the remainder when 43 is divided by k.
21
Suppose -d = -2*d. Suppose 4*o - l - 28 = -d*o, 3*l = 0. Calculate the remainder when (-262)/(-14) - 4/(-14) is divided by o.
5
Let f = -10 - -29. What is the remainder when 52 is divided by f?
14
Suppose 5*v + 3*w = 91, -2*v = -5*v - w + 53. Calculate the remainder when 65 is divided by v.
14
Suppose 4*o - 5 + 1 = -4*j, 0 = -5*j - 3*o + 11. Calculate the remainder when j is divided by 10/4 - (-1)/(-2).
0
Calculate the remainder when (2 - 78/24)*(-136)/2 is divided by 8.
5
Let u = 1 - -229. Calculate the remainder when u is divided by 58.
56
Suppose 1 = -u - 5*i + 19, 2*u - 4*i - 22 = 0. Suppose 5*q - k - 240 = 0, -q + 54 = -0*q + k. What is the remainder when q is divided by u?
10
Suppose -f + 11 = -2*r, -4*f + 1 + 19 = 0. What is the remainder when 27 is divided by 204/30 - r/15?
6
Suppose 0 = 2*g - 0*g + 4*b - 94, 3*g - 3*b = 168. Suppose -4*x + g + 187 = 0. What is the remainder when x is divided by 21?
18
What is the remainder when (3/12 - (-2)/(-8)) + 82 is divided by 28?
26
Let q = -10 - -4. Let r = q - -62. Calculate the remainder when r is divided by 29.
27
Suppose -25 = 5*f, 163 = 4*m + 8*f - 11*f. What is the remainder when m is divided by 8?
5
Let y(p) be the first derivative of p**4/4 + 5*p**3/3 - 5*p**2/2 + 8*p - 1. Let c be ((-9)/(-4))/(9/(-24)). What is the remainder when 2 is divided by y(c)?
0
Let f(z) = z**3 + z**2 - 1. Let q be f(0). Calculate the remainder when 32 is divided by 8 + (-9)/(q - 2).
10
Suppose 5*w = j + 9, j + 2*w - 12 = 7. What is the remainder when 21 is divided by j?
10
Let i be 68 + 2 - (1 + 0). Suppose 12 = -3*o + i. Calculate the remainder when o is divided by 10.
9
Let h(u) = u**3 - 8*u**2 - 3*u - 22. What is the remainder when 93 is divided by h(9)?
29
Let w be -46*((-3)/6 - 1). Suppose -3*y + w = -2*u, -4*y - 6*u = -3*u - 75. Let r = -2 + y. What is the remainder when 36 is divided by r?
17
Let i be 2*(-4 - 27/(-6)). Let n(c) = 2*c**3 + 2*c**2 - c. What is the remainder when 11 is divided by n(i)?
2
Suppose -u - x = u - 24, 0 = -3*u - x + 38. Suppose 0 = 5*n - 2*n + 57. Let w = -14 - n. Calculate the remainder when u is divided by w.
4
Let d = 2 + 0. Suppose -v + 2*v - 5*f = 3, -d*v + 5*f + 16 = 0. Let s = 9 + 15. Calculate the remainder when s is divided by v.
11
Let o(t) = 25*t**3 - t. Calculate the remainder when o(1) is divided by 14.
10
Let d = 17 - 12. Let c = d + 8. Calculate the remainder when 25 is divided by c.
12
Suppose 4*y - 14 = -2*l, l + 0*l = -1. Suppose 4*g - 34 = -42. Let t = g + y. Calculate the remainder when 4 is divided by t.
0
Suppose 2*m - 3 = 1. Suppose 5*j + y + 4 = 50, -3*y = -m*j + 32. What is the remainder when 18 is divided by j?
8
Let w = -7 + 10. What is the remainder when (-180)/24*(-8)/6 is divided by w?
1
Let c(i) = 2*i**3 + i**2 - i + 1. Let n be c(1). Suppose -5*l + 0 + 36 = -h, n*l - 110 = 4*h. Let j = h - -41. What is the remainder when 43 is divided by j?
13
Let v(j) = 5*j - 11. Calculate the remainder when 31 is divided by v(5).
3
Suppose -4*r + 18 = -r. Calculate the remainder when 22 is divided by r.
4
Suppose y = -d + 11, 2*d + 10 = -4*y + 44. Suppose 0 = -4*q - q + 25. Calculate the remainder when y/(-30) + (-71)/(-5) is divided by q.
4
Suppose -l - 3*c + 7 + 21 = 0, 0 = 2*l + 5*c - 55. What is the remainder when l is divided by 13?
12
Let o = -13 + 32. Let u = o + -11. Calculate the remainder when 14 is divided by u.
6
Suppose -5*t - 17 = -4*k, 0 = k - 5*t + 10 - 3. What is the remainder when k is divided by 3?
2
Suppose 16 = 5*i + 3*u - 0*u, -5*i = -5*u. Suppose -q + 89 = 4*d, 4*d - 4*q = -45 + 109. Calculate the remainder when d is divided by (-3 + 0 + i)*-12.
9
Calculate the remainder when 14 is divided by (-8)/(-20) + (-18)/(-5).
2
Let h = -10 + 20. Let b be (-2)/7 - (-16)/56. What is the remainder when 1 + 19 + (b - 1) is divided by h?
9
Suppose 0 = 4*r + 61 + 35. Let k = -16 - r. What is the remainder when 22 is divided by k?
6
Suppose 0 = 5*l + 3*t - 18, 0*t = 4*l - t - 11. Suppose 12 = -l*z + 27. Calculate the remainder when 8 is divided by z.
3
Let l(y) = -2*y**3 - 5*y**2 + y + 3. What is the remainder when l(-4) is divided by 24?
23
Suppose 5*j = -3*u + 8*j + 270, 2*u - 4*j - 182 = 0. Calculate the remainder when u is divided by 23.
20
Suppose -4*k = -a + 18, 5*k = 4*a - 36 - 3. Suppose -5*l - 2*b + 4 = 0, 4*l = -a*b + b - 7. Let v = 10 + l. Calculate the remainder when 34 is divided by v.
10
Suppose -2*q = c - 15, -6 = -0*c + 2*c. Let f(h) = h**3 + 8*h**2 - 12*h - 12. Calculate the remainder when f(-9) is divided by q.
6
Let d(o) = 2*o**2 - 9*o + 6. Let u be d(6). Suppose -u = -4*q + 2*q. What is the remainder when 43 is divided by q?
7
Let r = -2 - -20. What is the remainder when r + -6*(-3)/6 is divided by 6?
3
Suppose -p - p = -52. Suppose -5*q = -4*k + 5*k - p, -3*q - 5*k - 2 = 0. Calculate the remainder when 27 is divided by q.
3
Let o(g) = -g**2 + 8*g - 3. Calculate the remainder when (34/3)/(12/18) is divided by o(7).
1
Let m(v) = -10*v - 31. What is the remainder when m(-10) is divided by 18?
15
Let h(i) = 3*i**2 + i. Let x be h(1). Suppose x*w = 3*o - w + 63, 74 = -5*o - 2*w. Let m = -10 - o. What is the remainder when 17 is divided by m?
5
Let u(s) be the third derivative of s**4/24 + 5*s**3/6 - 5*s**2. What is the remainder when u(15) is divided by 11?
9
Suppose 4*g = g + 51. Suppose 5*t = 2*t + 27. Calculate the remainder when g is divided by t.
8
Let o = 16 - 10. Calculate the remainder when 11 is divided by o.
5
Let f(c) = c**3 - 2*c**2 + c + 2. What is the remainder when 18 is divided by f(2)?
2
Let a be 3/(-15) - 755/(-25). Let p = a - 23. What is the remainder when 12 is divided by p?
5
Suppose 5*y = -5 + 15. Suppose 0 = 5*i + y - 47. What is the remainder when i is divided by 4?
1
What is the remainder when ((-1)/2*10)/((-1)/13) is divided by 23?
19
Let g(w) = -70*w**3 + 3*w**2 + 3*w + 1. What is the remainder when g(-1) is divided by 19?
14
Let k = -4 - -21. What is the remainder when 67 is divided by k?
16
Suppose -57 = -5*p + 33. Let v = 48 - p. What is the remainder when v is divided by 16?
14
Let y(i) = i + 2. Let x be y(-2). Suppose x = 3*k - 5*h - 20, 2*k - 3*k - 4*h = -35. What is the remainder when k is divided by 8?
7
Suppose 0 = 4*q - 3*x - 86, 5*x = -4*q + 6*q - 50. Suppose -3*b = -1 + 7, 5*d + 5*b - q = 0. Calculate the remainder when 10 is divided by d.
4
Let s(i) be the second derivative of i**5/20 + i**3/6 + i**2/2 - i. Let m be s(-2). Calculate the remainder when 12 is divided by (-28)/6*m/6.
5
Let s(p) = -p**3 - 9*p**2 - 2*p - 1. Calculate the remainder when s(-9) is divided by 9.
8
Let m(s) = -s**2 - s + 4. Let i be m(-4). Suppose 0 = q - p - 14, -p + 22 = q + 2*p. Let y = q + i. What is the remainder when y is divided by 3?
2
Let d(k) = -k**3 + 10*k**2 + 15*k + 9. Calculate the remainder when d(11) is divided by 19.
15
Suppose -4*h + 125 = 5*k, 3*k + h - 53 = k. What is the remainder when k is divided by 17?
12
Suppose 10 = -3*i + 8*i, -4*i - 84 = -4*k. Suppose -5*d + 2*g = -3*g - 4000, -d = -2*g - 798. Calculate the remainder when (-4)/(-24) - d/(-12) is divided by k.
21
Let c be 6/(-15) - (-2304)/10. Suppose -c = -3*y - 5*w, -4*y = w + 4*w - 300. Calculate the remainder when y is divided by 24.
22
Let y(s) = -s**3 + 7*s**2 + 5*s. What is the remainder when y(-2) is divided by 19?
7
Let g(f) = 3*f + 38. What is the remainder when g(0) is divided by 14?
10
Let z be 34/10 + (-4)/10. What is the remainder when 60/(-25)*(-40)/z is divided by 17?
15
Let x = 0 - 0. Suppose g - 12 + 0 = x. Let v = 32 - g. What is the remainder when v is divided by 7?
6
Suppose -2*a + 4*l = -26, -l = -3*a + 6*a - 4. Suppose 5*m - 104 = -2*y + 48, 0 = -3*m + a*y + 108. What is the remainder when m is divided by 6*2 + (-1)/1?
10
Let h(i) = -7*i + 3 + 9*i + 0 - 6*i. Calculate the remainder when 43 is divided by h(-3).
13
Let b(j) = -j**3 + 4*j**2 + 6*j - 2. Let u be (-4*1)/(-2) - -3. Let o be b(u). Suppose -3 = -o*w + 15. What is the remainder when 17 is divided by w?
5
Suppose 0 = 5*z - 4 + 14. Let x be 1 + z + 3 + 0. What is the remainder when 29 is divided by 46/3 